 (7 - 16)?
-5
What is 19 + -19 + (4 + -3 - 2)?
-1
What is -4 - (-2 + -2) - -1?
1
(-7 - -3) + (56 - 43)
9
4 + (0 - 0) + 26 + -30
0
What is (0 - 4) + (-3 - (-9 + -4))?
6
What is the value of 8 + (-2 - (-11 + 15))?
2
-4 - (3 + -4) - (-4 - -1)
0
Calculate 5 + -1 - (-19 + 23).
0
What is the value of 7 + -5 + -5 + 5 + -2?
0
What is 3 + (1 + 4 + -1 - 3)?
4
What is the value of 3 + -10 + 7 + -9 + 3?
-6
7 + -1 - (-14 - -20) - -2
2
What is the value of (-9 - -7 - -14) + -11?
1
What is the value of 13 + -7 + 10 + -5 + -4?
7
Calculate 2 + 2 + -5 - (4 + -10).
5
-3 - (0 + 1 + -9 + 5)
0
What is the value of 0 - (-2 + 6) - -4?
0
-1 + 3 - (-1 - (-7 - -6))
2
1 - (4 + -11 + 11)
-3
What is the value of (-3 - -6 - 7) + 3?
-1
What is the value of 2 + -4 + 2 - (3 + 0)?
-3
What is the value of 31 + -29 - (2 + 0)?
0
What is 1 + 0 - -2 - -1 - 4?
0
Calculate 6 + 10 + -11 + 1 + -2.
4
-4 + 1 - (17 + -25)
5
(4 - 0) + (7 - 9 - 3)
-1
Calculate -5 + -5 + 3 - -1.
-6
What is (3 - 2) + -3 + -5 + 8?
1
What is -3 + 7 + (-7 - -10) - 13?
-6
What is 5 - (-1 + (6 - (2 + 3)))?
5
What is the value of (2 - (-7 + 13 - 1)) + 7?
4
Evaluate -1 - (-1 - 1) - (-7 - -10).
-2
What is the value of 4 - 0 - 6 - -2?
0
0 + (-14 - -25 - 8)
3
Calculate -5 + -6 + (3 - (-5 + 1)).
-4
What is 7 - (11 + (15 - 13))?
-6
(4 - (-1 + 3)) + -3 + 2
1
Evaluate 4 + -2 + (-2 + 3 - 3).
0
What is -3 + 4 + -2 + 0 + -2?
-3
What is the value of 22 + (-4 - (5 + -2)) - 7?
8
Evaluate 2 - 0 - 2 - -1 - 1.
0
Calculate -9 + 2 + 11 + (-6 - 2).
-4
What is the value of 0 - (9 - -1 - 7)?
-3
What is the value of -2 + (11 - (8 - 4))?
5
Evaluate -3 - (-12 - (5 + -10)).
4
Calculate -4 + 4 + (-7 + 7 - 5).
-5
What is the value of 0 + 3 + (8 - 16)?
-5
-2 - -1 - (-5 + 11 + -2)
-5
Evaluate (0 - -4) + -11 - -11.
4
Evaluate 50 + -36 - (6 + (-2 - -2)).
8
Evaluate 5 - (5 - 3) - 4.
-1
Evaluate 0 - (1 + (1 - 2)).
0
Evaluate 69 + -81 - (-3 - 6 - -2).
-5
5 - 2 - -2 - (-2 + 4)
3
Evaluate -1 - -2 - (2 - 2).
1
Evaluate 2 - (15 - (9 - (2 - 1))).
-5
Calculate (-4 - -1) + -1 - 1.
-5
Evaluate -8 - (-1 + 0 + 1 + -4).
-4
What is the value of -1 + 7 + -4 + -3?
-1
What is 0 - 5 - (-1 - (1 + 0))?
-3
What is 4 + (-4 + 5 - (-2 - 0))?
7
What is (-20 - -6 - -18) + (-2 - -2)?
4
-12 - (-12 + -13 - -10)
3
What is 14 + 10 + -26 - (4 + 1)?
-7
-9 + (1 - (1 - 1) - -3)
-5
0 + (6 - 11) - -11
6
Calculate 5 + (-16 + 23 - (-3 + 8)).
7
Calculate (-7 - -2) + 5 + 5.
5
What is the value of (3 - -2) + (8 - 2) + -6?
5
Evaluate (-2 - (-6 + 3) - 3) + -1.
-3
Calculate (0 - -3) + (-2 - -4).
5
Evaluate 5 - (-3 + -2 + 7).
3
Evaluate (-20 - (-16 + 4)) + 3.
-5
Evaluate (-49 - -42) + (2 - -7).
2
What is 9 + -1 + (6 + -1 - 7)?
6
Calculate -2 + (12 - 6) + -8.
-4
Calculate -18 + 13 + (1 - 0).
-4
What is 5 - (13 + (1 - 9))?
0
2 - (9 + -6 - -1)
-2
Calculate (-8 - -2) + (4 - -1).
-1
What is (-2 + 4 - -4 - 5) + 6?
7
-11 + 6 + -1 + 0 + 3
-3
6 + (7 - (-7 - -15))
5
What is (-9 - -8) + 1 + (-3 - 1)?
-4
Evaluate (0 + -3 - -9 - 5) + -5.
-4
Calculate 0 + -12 + 27 + -9.
6
Evaluate 2 + -2 - (-5 + 6 + -4).
3
-5 + (-5 - (-8 + -1))
-1
What is (4 - 0) + (0 - (4 - 4))?
4
Calculate 10 - (-7 - -14) - 2.
1
What is -3 - ((3 - 1) + -10)?
5
Calculate 6 + (-10 - -8) + -10.
-6
What is the value of (-6 - -2) + (1 + -2 - -6)?
1
What is the value of 4 + -1 + 8 + 1 - 5?
7
What is the value of 17 - 2 - 10 - (9 - -3)?
-7
4 - 5 - 3 - (-9 - 1)
6
3 - ((7 - 2) + 4)
-6
(0 - -1) + 5 + (1 - 2)
5
Evaluate 5 - ((2 + 1 - -3) + -7).
6
Evaluate -3 + 0 - (3 - 0 - 8).
2
What is (-4 - 2) + (-3 - (-4 + -3))?
-2
Calculate (0 + (-4 - 0) - -1) + 6.
3
3 + -4 - (4 - 1)
-4
Evaluate (1 - 5 - -4) + -5.
-5
Calculate 11 + (-2 - (2 + 7 + -7)).
7
What is 2 + 2 + -2 + -5?
-3
4 + (9 - 4) - 5
4
Evaluate (8 + -5 + 1 - -5) + -4.
5
Evaluate -6 + 2 + 1 - 1.
-4
What is -1 + 0 - (4 + -5 + -4)?
4
What is the value of 4 - ((-6 - (2 - 3)) + 6)?
3
Calculate -3 + 15 + 2 + -10.
4
What is (1 - -1) + (8 - 7)?
3
What is 8 - (-3 + 20 + -13)?
4
Evaluate (1 - (-1 + -2) - 5) + -3.
-4
What is the value of 13 - (-7 + 31) - -9?
-2
Evaluate 3 + -7 + (-4 + -2 - -11).
1
Evaluate -1 + 0 - (19 - 16).
-4
What is the value of -2 - (-9 + 3) - (9 - 7)?
2
Calculate (-2 - -8 - 2) + -4.
0
What is the value of -7 - ((3 - 2) + -3) - -6?
1
What is the value of 3 + 2 + 0 + -9?
-4
Calculate -4 + (9 - 10) + 4.
-1
-10 - (4 + -6 - 1)
-7
Evaluate -14 - (-8 - (-11 + 11)).
-6
Evaluate 1 + 4 + (5 - 10) + 5.
5
What is the value of (1 - -6 - 4) + -2 + -1?
0
Evaluate (4 - ((2 - 7) + 4)) + -1.
4
-1 - 10 - (-10 + -1)
0
Calculate -3 + (6 - (-7 + 2 - -14)).
-6
Calculate 1 - 1 - ((9 - 8) + -4).
3
0 - (0 + (-1 - 1) + -1)
3
What is -12 - -7 - 0 - -8?
3
Calculate (9 - 5) + 3 + -5.
2
Calculate -1 - (7 + 1 - 8).
-1
(-4 - -2) + (4 - (-10 - -20))
-8
Evaluate -4 - ((1 - 2) + -3).
0
What is 0 - (4 + 2 - 6 - -5)?
-5
What is the value of 3 - (-2 + 1 + 1 - -2)?
1
Calculate (2 - (6 - -1)) + 2.
-3
What is (4 - 4) + (0 + 1 - -1)?
2
7 + 0 - (-118 + 130)
-5
What is 0 + -1 + (2 + -1 - 4)?
-4
What is the value of 3 - (-4 + -3 + 1 + 4)?
5
Calculate -6 + 0 - (-11 + 7).
-2
What is the value of (-1 - 1) + (2 + -6 - -3)?
-3
What is the value of 44 + -40 - (4 - (1 + 0))?
1
(-5 - (-8 + -4)) + (2 - 5)
4
What is 3 + 5 + -5 + -2?
1
Evaluate -6 - -6 - ((0 - 0) + -3).
3
3 - (2 - (1 - 7))
-5
What is (38 - (13 + 1)) + -13?
11
Evaluate (-1 - (-4 - -4)) + 3 - -2.
4
7 + (-2 - 6) + -3
-4
What is 6 - (-19 + 7) - (2 + 5)?
11
-3 + 9 + (-2 - 1)
3
What is the value of -2 + -2 + 5 + 4?
5
What is (-3 + 1 - (0 - 1)) + -1?
-2
-12 + 5 + 12 + -13
-8
What is the value of -7 + 6 - 4 - (-1 - 2)?
-2
(3 - 2) + (-3 - 0)
-2
Calculate -13 - ((-13 - -25) + -25).
0
What is -1 + (-1 - 2) + 7 - -1?
4
Calculate -4 + (1 - (-8 - -4)).
1
-1 + (1 + 0 - (-32 + 31))
1
What is 5 + -8 - 9 - -6?
-6
Evaluate (-3 - -3) + 3 + 0.
3
-11 + 2 - (-11 - 8)
10
Evaluate 3 + -5 - (-7 - -5).
0
(-10 - -3) + -1 + 7 + 7
6
What is the value of (-2 - -11) + (-49 - -34)?
-6
Calculate -4 + -3 - (-3 + 0).
-4
What is (2 - (1 + 1)) + -3 + -2?
-5
1 + -5 + 10 + (2 - 6)
2
Calculate 2 + (2 - (10 - 3)) - -1.
-2
Evaluate 0 - (-2 + 6) - -6 - 9.
-7
(-6 - (0 - 0)) + (10 - 2)
2
Evaluate 2 + (0 - (2 - -2)).
-2
What is the value of 2 + (-2 + -1 - (-4 - -1))?
2
(-3 - (3 + -3 + -1)) + 7
5
(3 - (5 + -1)) + -3 + 3
-1
What is the value of (4 - (5 - -6)) + -9 + 9?
-7
What is 4 - -1 - 1 - (-27 - -21)?
10
Calculate 10 + -7 + -1 + -2.
0
Evaluate 2 + -5 + -2 + 3 + 2.
0
(7 - (-3 + 1)) + -15
-6
Calculate 4 + 5 + -3 + -5.
1
What is the value of 2 + (-11 - -7 - -5)?
3
Evaluate 7 + 2 + -8 - -4.
5
What is the value of 70 + -63 + (1 - 2) + 0?
6
-6 + 0 + 2 - -6 - -1
3
-3 + 5 - (2 + 4 + 0)
-4
-2 - (5 - 0) - -3
-4
13 - (1 - (-10 + 4))
6
Calculate -7 + 2 + -5 + 10 + -4.
-4
Calculate -16 + 12 + -5 + -1 - -6.
-4
What is the value of -10 - -2 - (-2 - 5)?
-1
Evaluate 23 - 18 - (3 + -2).
4
2 - 3 - (-19 + 20)
-2
What is the value of (0 - -3) + (-5 - -5)?
3
What is (6 + -2 - 1) + -1?
2
What is -14 + 10 + (-1 - -6) + 0?
1
-5 - (0 - 5 - (17 - 24))
-7
What is the value of 0 - (-5 + 3) - -1 - 3?
0
What is -4 + (-4 - -15) - 3?
4
What is (-2 - 26) + 13 + -4 - -8?
-11
What is (11 - 1) + (6 - 18) + 5?
3
Calculate 4 + 2 + -1 + -4 - -4.
5
5 + -1 + (-19 - -8)
-7
Calculate -1 + (1 - 1) + -1 - 3.
-5
What is 2 + 0 + -3 + -2?
-3
Evaluate -1 - (3 + 1 + (-24 - -27)).
-8
Calculate 5 + 0 + -7 + 11 + -14.
-5
(-3 - (2 + (-4 - 2))) + 3
4
Evaluate 4 + 4 + (-5 - 0).
3
What is the value of (3 - -7) + -3 + -3 - 2?
2
What is the value of -3 + 0 + (-17 + 34 - 14)?
0
Evaluate (-6 - 0 - 3) + 6 + -1.
-4
10 + (-8 - (-4 - -7))
-1
Evaluate 2 + -2 + 2 - (-13 + 16).
-1
Calculate -1 + 3 - (77 - 67).
-8
What is the value of 9 - 12 - (-9 + 8)?
-2
Calculate (3 + -4 - 4) + 3 + -2.
-4
(-4 - -7 - 1) + -8
-6
-1 + 5 + 1 + -1
4
Calculate 0 - (-4 - (-3 + -2)).
-1
What is the value of -1 - -1 - (103 - 95)?
-8
What is the value of 45 + -48 - (3 + -15)?
9
What is the value of -2 + 9 + -4 - (-3 - -1)?
5
What is the value of (-21 - -21) + -1 + 0 + 7?
6
What is 1 - (1 + 6) - -6?
0
What is -3 - (3 - 3 - -1)?
-4
What is -10 + 5 + 3 + 5?
3
What is -9 + 7 + 9 + -4?
3
What is 3 + 0 - (7 - 6) - 3?
-1
Evaluate (-2 - -4) + 2 - 0 - 5.
-1
What is the value of 12 + -12 + -8 + 8?
0
What is (4 + -4 - -4) + -4?
0
What is (-4 - -13) + -6 + (10 - 11)?
2
-3 + (1 - (-11 - -6 - 1))
4
Calculate -1 + 3 - -2 